 2*c = s, 0*s = 2*s - 8. Suppose 1 = c*k - 1. Let w = 1 + k. List the prime factors of w.
2
Suppose m = -x + 2 - 3, -5 = 2*m - x. Let z be (1 - m)/(5/(-125)). List the prime factors of z/(-3)*6/15.
2, 5
Suppose -4*k = 11 - 31. Let a be 2 - 1 - 0/1. Suppose s = z - a - 2, s + 11 = k*z. List the prime factors of z.
2
List the prime factors of 14/(-3)*(-6 - 6).
2, 7
Suppose s + 0*n = -2*n, -2*s + 2*n + 6 = 0. Suppose -s*u + 48 = -46. List the prime factors of u.
47
Let j be 10/(-45) + 1084/18. Suppose 4*b = 2*b + 10. Suppose -4*u - j = -4*s - s, 5*s = b*u + 55. What are the prime factors of s?
2
Let y be ((-8)/(-6))/((-4)/(-42)). Let c = y + -10. What are the prime factors of c?
2
Suppose -3*d + 486 = 5*j, 2*j + 0*j - 3*d - 186 = 0. List the prime factors of j.
2, 3
Suppose 7*w - 422 - 12 = 0. What are the prime factors of w?
2, 31
List the prime factors of 205/10 + (6/(-4) - -2).
3, 7
Let n be 5/(-15) + 4/3. Let z = 5 + n. List the prime factors of 3/(z/(-4)) + 13.
11
Let l(a) = 3*a**2 + 2*a + 1. Let f be l(-1). Suppose -f*o - 10 - 34 = 0. What are the prime factors of ((-8)/(-8))/((-2)/o)?
11
List the prime factors of 342/(0 - -2)*(-6)/(-18).
3, 19
Let o(l) = -l**2 - 14*l - 12. Let b be -9 - 0 - (-1 - -4). List the prime factors of o(b).
2, 3
Let u be 2 + (-3)/1 + 29. Let g be (-16)/2*(-4 + 2). Let v = u - g. List the prime factors of v.
2, 3
Let d(i) = 6*i**2 + i - 12*i**2 + 2*i**2 - 3 + 5*i**2. What are the prime factors of d(5)?
3
Let a = 31 + 11. What are the prime factors of a?
2, 3, 7
Suppose 2*t + 2*i = 2, -3 = 2*t + 5*i - 2. Suppose 2*p - 18 = 2*z, -t*p - 3*z + 31 + 2 = 0. What are the prime factors of p?
2, 3
List the prime factors of (-4)/(-10) - 28*6/(-30).
2, 3
Let h = 3 + 25. Let s = -18 + h. What are the prime factors of s?
2, 5
Suppose 0 = -t + 5, -5*t = 4*z - 97 - 72. What are the prime factors of z?
2, 3
Suppose -362 = -4*t + 2*m - 38, t - 2*m - 81 = 0. What are the prime factors of t?
3
Let v be 4 + -4 + (2 - 0). Suppose -5*j + 85 = -2*o, -j - j + 28 = -v*o. List the prime factors of j.
19
Suppose 3*z + 0*n = n + 19, 30 = 2*z - 5*n. Suppose -z*g + 4 = -3*g. What are the prime factors of (16/g)/(1 - 0)?
2
Suppose -3*j + 2*j - 138 = -5*p, 5*j = -4*p + 122. What are the prime factors of p?
2, 7
Suppose 3*i - 18 = 6*i. Let m = i - -15. List the prime factors of m.
3
Suppose -5*q + 5*p + 0*p + 485 = 0, -3*q + 4*p + 292 = 0. What are the prime factors of q?
2, 3
List the prime factors of (-7)/(42/(-4)) + 1346/6.
3, 5
Suppose -2*l - 169 = -3*q, 248 = 4*q + l + 2*l. What are the prime factors of q?
59
Let t(m) = m**3 + 4*m**2 - 3*m - 4. What are the prime factors of t(-4)?
2
Suppose 3*x = x - 6. Let z = -11 + 18. Let k = z + x. List the prime factors of k.
2
Let n = 6 - 4. Suppose n*m - 8 = 12. What are the prime factors of m?
2, 5
Let z(i) = 5*i**2 + i + 2. Let n be z(-2). Let w = -4 + n. What are the prime factors of w?
2
Let a = -16 - -22. Let c = a + 2. List the prime factors of c.
2
Suppose 0*u - 3*u + 30 = 0. List the prime factors of ((-58)/3)/(u/(-15)).
29
Suppose 3*k + 3*r - 4 + 1 = 0, k + 2*r + 2 = 0. Let j = 1 + k. List the prime factors of j.
5
Let z = 1 + 1. Let j be 1119/21 + z/(-7). Suppose -j = -4*u + 15. List the prime factors of u.
17
Suppose 3*r - 12 = -j - r, r = 2. Let n be (-3)/(j/(480/(-9))). Suppose t = -4*t + n. List the prime factors of t.
2
Suppose -5*w = -2*w + 9. Let d = w + 13. What are the prime factors of d?
2, 5
Let m = 0 - -14. What are the prime factors of m?
2, 7
Let u(z) = -z**3 + 4*z**2 + 5*z + 2. Let x be u(5). Suppose -3*f + o + 3 = 0, -4*f - 2*o + 23 = 9. Suppose t - x - f = 0. What are the prime factors of t?
2
Let b = 4 + 1. Let u be ((-7)/7)/((-1)/b). Let v(f) = -f**2 + 6*f + 3. What are the prime factors of v(u)?
2
Let o(p) = p**2 - p + 2. Let c be o(0). Suppose 228 = 5*h - q, 0 = c*h - 7*q + 3*q - 102. Suppose h = 8*r - 3*r. What are the prime factors of r?
3
Suppose 0 = -5*d + 257 - 97. List the prime factors of d.
2
Let q(v) = -5*v + 6. Let j be q(-6). Suppose 3*i = -i + j. List the prime factors of i.
3
Suppose 4 + 20 = -4*l. List the prime factors of (0 - (-2)/l)*-39.
13
Suppose -l - 2 = -3. Suppose n - 3 = l. List the prime factors of n.
2
Suppose -4*s - 3 - 1 = 0. Let i = 9 + s. List the prime factors of i.
2
List the prime factors of 109 - (8 + -4) - 4.
101
Let q(s) = s**2 - 5*s + 11. Suppose -5*l + 55 = -5*o, 3 - 1 = -2*l - 4*o. List the prime factors of q(l).
5
Let w(y) = y**2 + 5*y - 6. Let z be w(4). Let h be -27*(-5)/(z/(-8)). What are the prime factors of 2/(-2*3/h)?
2, 3
Let b(m) = 12*m**3 - 2*m**2 + 4*m - 3. What are the prime factors of b(2)?
3, 31
Suppose -5*g = z - 9, 0 = g - 5*g - 5*z + 3. Let l be (g/5)/((-1)/(-10)). Suppose l*i = i + 12. What are the prime factors of i?
2
Let y(k) = -k**3 - 4*k**2 + 4*k + 2. Suppose 3*w + 16 = -2*j, 0 = -j - 3*j - 2*w - 24. What are the prime factors of y(j)?
7
Let k = -4 - -5. Let w(b) = -b + 1. Let x be w(k). Suppose x*f + 16 = 4*f. List the prime factors of f.
2
Suppose -2*u + 54 = -o - o, 3*u - 4*o - 81 = 0. Let c = -7 + u. What are the prime factors of c?
2, 5
Let r(g) be the second derivative of g**4/4 + g**3/3 - g**2/2 + 2*g. Let s be r(-4). Let q = 55 - s. What are the prime factors of q?
2
Let u = 3 + -1. Suppose -2*a - 5*b = 0, 2*a - 8 = 2*b - 3*b. Let q = a - u. List the prime factors of q.
3
Suppose 0 = -4*f + 5*f + 4. Let b(u) = 13 - 4*u - 19 + 2*u. List the prime factors of b(f).
2
Let m(c) = -47*c**3 - 2*c**2 - c. Let r be m(-1). Suppose 3*f - 3*a - 65 = r, 3*f = a + 117. What are the prime factors of f?
2, 5
Suppose d - 50 = -3*d + g, -3*g = d - 6. Suppose -24 = -3*n + d. What are the prime factors of ((-1)/3 - -1)*n?
2
Suppose 4*j + 100 = -0*j. Let y = 7 - j. What are the prime factors of y?
2
Let b = 48 + 11. What are the prime factors of b?
59
Let h(j) = j**2 + j. Let d(n) = -2*n + 4. Let m(g) = d(g) + h(g). Let q be m(0). Let x = 16 - q. What are the prime factors of x?
2, 3
Let j(v) = 6*v**2 + 1. Let t be j(1). Suppose t = -4*i + 5*s, 0 = -i - s + 2 + 3. Suppose -c - 2 = -i*c. List the prime factors of c.
2
Suppose 0 = c - 12 - 35. List the prime factors of c.
47
Let r be 48/(-10)*30/(-12). What are the prime factors of (r/(-15))/((-2)/10)?
2
Suppose -2*w = -281 - 213. What are the prime factors of w?
13, 19
Suppose 7*j + 57 = f + 2*j, 3*j = 3*f - 135. List the prime factors of f.
2, 3, 7
Let s = -1 - -1. Suppose 0 = 3*q - 53 + 2. Suppose -3*p + q + 25 = s. List the prime factors of p.
2, 7
What are the prime factors of (19 - 39)/(22/26 + -1)?
2, 5, 13
Suppose 0*h + 3*h + 9 = 0. Let r(o) = -o**3 - o - 1. Let g be r(-2). What are the prime factors of 6/g + (-31)/h?
11
Suppose 3*p - 1 = 5. Suppose 6 = -p*i - 0. Let v(u) = -3*u - 2. What are the prime factors of v(i)?
7
Let z = -59 - -149. What are the prime factors of z?
2, 3, 5
Suppose 3*k - 7*k = -88. Let y(a) = -17*a + 1. Let u be y(-2). Let z = u - k. List the prime factors of z.
13
Let m = -48 - -87. List the prime factors of m.
3, 13
Let x be ((-6)/12)/(2/(-492)). Suppose x = 3*w + 5*m, 5*m - 2*m = 0. What are the prime factors of w?
41
What are the prime factors of ((-1)/2)/((-5)/590)?
59
Suppose -t = 2*b - 84, 4*b + 311 = 5*t - 53. List the prime factors of t.
2, 19
Let d(s) = -2*s + s + 0*s. Let m be 172/(-16) - (-6)/8. What are the prime factors of d(m)?
2, 5
Let y(t) = -t + 33. Suppose -2*g = -3*g + 4*w - 4, w - 1 = g. What are the prime factors of y(g)?
3, 11
What are the prime factors of 3*28*3/6?
2, 3, 7
Let d(h) = h. Let s be d(2). Suppose -4 = s*i - 88. Suppose -12 - i = -3*f. List the prime factors of f.
2, 3
Let r(o) = -o + 3. Let x be r(4). Let y(t) = 15*t**2 + t. What are the prime factors of y(x)?
2, 7
Suppose x = 3 + 2. What are the prime factors of (-1)/2 - x/(-2)?
2
Let c = -9 - -10. List the prime factors of ((-3)/5)/(c/(-25)).
3, 5
Let q = 0 - -44. Let u(f) = -4*f**3 - 1. Let p be u(-1). Suppose p*x + q = 7*x. List the prime factors of x.
11
List the prime factors of 16/(-6)*(17 + -29).
2
Let t(q) = -q**3 - 4*q**2 - q - 1. Let u be t(-4). Let v(y) = y**3 - 5*y**2 - 7*y + 8. Let l be v(6). List the prime factors of (u/l)/((-1)/(-2)).
3
Suppose -2*z - 3 + 23 = 0. What are the prime factors of z?
2, 5
Suppose 0 = -0*t - 5*t + 20. Let u = 5